{"id":4518,"date":"2025-12-04T17:21:06","date_gmt":"2025-12-04T17:21:06","guid":{"rendered":"https:\/\/desdezero.com.co\/indepack\/product\/empaques-stuffing-box-prensaestopa\/"},"modified":"2025-12-04T17:21:06","modified_gmt":"2025-12-04T17:21:06","slug":"empaques-stuffing-box-prensaestopa","status":"publish","type":"product","link":"https:\/\/desdezero.com.co\/indepack\/product\/empaques-stuffing-box-prensaestopa\/","title":{"rendered":"Empaques Stuffing Box PRENSAESTOPA"},"content":{"rendered":"<p>Empaques Stuffing Box Prensa Estopa para situaciones de alta temperatura y fricci\u00f3n. En cord\u00f3n de tefl\u00f3n reforzado con Kevlar e intermedio de tefl\u00f3n grafito para una total lubricaci\u00f3n para proteger la barra lisa.<\/p>\n<p>Ficha t\u00e9cnica: Vienen para barra lisa de 1 \u00bc\u201d y 1 \u00bd\u201d.<\/p>\n","protected":false},"excerpt":{"rendered":"<p>Empaques Stuffing Box Prensa Estopa para situaciones de alta temperatura y fricci\u00f3n. En cord\u00f3n de tefl\u00f3n reforzado con Kevlar e intermedio de tefl\u00f3n grafito para una total lubricaci\u00f3n para proteger la barra lisa.<\/p>\n<p>Ficha t\u00e9cnica: Vienen para<\/p>\n","protected":false},"featured_media":0,"comment_status":"open","ping_status":"closed","template":"","meta":{"_monsterinsights_skip_tracking":false,"_monsterinsights_sitenote_active":false,"_monsterinsights_sitenote_note":"","_monsterinsights_sitenote_category":0},"product_brand":[],"product_cat":[33],"product_tag":[],"class_list":{"0":"post-4518","1":"product","2":"type-product","3":"status-publish","5":"product_cat-sector-hidrocarburos","7":"first","8":"instock","9":"shipping-taxable","10":"product-type-simple"},"aioseo_notices":[],"_links":{"self":[{"href":"https:\/\/desdezero.com.co\/indepack\/wp-json\/wp\/v2\/product\/4518","targetHints":{"allow":["GET"]}}],"collection":[{"href":"https:\/\/desdezero.com.co\/indepack\/wp-json\/wp\/v2\/product"}],"about":[{"href":"https:\/\/desdezero.com.co\/indepack\/wp-json\/wp\/v2\/types\/product"}],"replies":[{"embeddable":true,"href":"https:\/\/desdezero.com.co\/indepack\/wp-json\/wp\/v2\/comments?post=4518"}],"wp:attachment":[{"href":"https:\/\/desdezero.com.co\/indepack\/wp-json\/wp\/v2\/media?parent=4518"}],"wp:term":[{"taxonomy":"product_brand","embeddable":true,"href":"https:\/\/desdezero.com.co\/indepack\/wp-json\/wp\/v2\/product_brand?post=4518"},{"taxonomy":"product_cat","embeddable":true,"href":"https:\/\/desdezero.com.co\/indepack\/wp-json\/wp\/v2\/product_cat?post=4518"},{"taxonomy":"product_tag","embeddable":true,"href":"https:\/\/desdezero.com.co\/indepack\/wp-json\/wp\/v2\/product_tag?post=4518"}],"curies":[{"name":"wp","href":"https:\/\/api.w.org\/{rel}","templated":true}]}}