{"id":2160,"date":"2022-05-02T14:07:49","date_gmt":"2022-05-02T14:07:49","guid":{"rendered":"https:\/\/desdezero.com.co\/mha2025\/?post_type=product&#038;p=2160"},"modified":"2025-03-10T08:04:36","modified_gmt":"2025-03-10T08:04:36","slug":"ref-k-20","status":"publish","type":"product","link":"https:\/\/desdezero.com.co\/mha2025\/product\/ref-k-20\/","title":{"rendered":"CILINDRO M\u00c1XIMA SEGURIDAD &#8211; PERFIL EUROPEO Ref. Ref: K-20 LLAVE-LLAVE 60mm (30&#215;30)"},"content":{"rendered":"<p>Llave\/Llave. 17 GUARDAS, 6 INFERIORES, 6 SUPERIORES Y 5 LATERALES, Protecci\u00f3n frontal anti-taladro, anti-ganz\u00faa, anti-bumping, Apto para todo tipo de amaestramientos, Cinco (5) llaves reversibles de lat\u00f3n cromado.<\/p>\n","protected":false},"excerpt":{"rendered":"<p>Llave\/Llave. 17 GUARDAS, 6 INFERIORES, 6 SUPERIORES Y 5 LATERALES, Protecci\u00f3n frontal anti-taladro, anti-ganz\u00faa, anti-bumping, Apto para todo tipo de amaestramientos, Cinco (5) llaves reversibles de lat\u00f3n cromado.<\/p>\n<p>&nbsp;<\/p>\n<p><a class=\"btn btn-ficha theme-btn style-one\" href=\"https:\/\/mhacolombia.co\/wp-content\/uploads\/2022\/05\/CILINDROS-01.png\" target=\"_blank\" rel=\"noopener\">Ver Ficha t\u00e9cnica <img decoding=\"async\" class=\"alignnone size-full wp-image-3606\" src=\"https:\/\/mhacolombia.co\/wp-content\/uploads\/2022\/07\/flecha-gris-adelante.png\" alt=\"\" width=\"16\" height=\"16\" \/><\/a><\/p>\n<p>&nbsp;<\/p>\n","protected":false},"featured_media":2161,"comment_status":"closed","ping_status":"closed","template":"","meta":{"advanced_seo_description":"","jetpack_seo_html_title":"","jetpack_seo_noindex":false},"product_brand":[],"product_cat":[27],"product_tag":[],"class_list":{"0":"post-2160","1":"product","2":"type-product","3":"status-publish","4":"has-post-thumbnail","6":"product_cat-cilindros-y-escudos","8":"first","9":"instock","10":"taxable","11":"shipping-taxable","12":"purchasable","13":"product-type-simple"},"jetpack_likes_enabled":true,"jetpack_sharing_enabled":true,"_links":{"self":[{"href":"https:\/\/desdezero.com.co\/mha2025\/wp-json\/wp\/v2\/product\/2160","targetHints":{"allow":["GET"]}}],"collection":[{"href":"https:\/\/desdezero.com.co\/mha2025\/wp-json\/wp\/v2\/product"}],"about":[{"href":"https:\/\/desdezero.com.co\/mha2025\/wp-json\/wp\/v2\/types\/product"}],"replies":[{"embeddable":true,"href":"https:\/\/desdezero.com.co\/mha2025\/wp-json\/wp\/v2\/comments?post=2160"}],"wp:featuredmedia":[{"embeddable":true,"href":"https:\/\/desdezero.com.co\/mha2025\/wp-json\/wp\/v2\/media\/2161"}],"wp:attachment":[{"href":"https:\/\/desdezero.com.co\/mha2025\/wp-json\/wp\/v2\/media?parent=2160"}],"wp:term":[{"taxonomy":"product_brand","embeddable":true,"href":"https:\/\/desdezero.com.co\/mha2025\/wp-json\/wp\/v2\/product_brand?post=2160"},{"taxonomy":"product_cat","embeddable":true,"href":"https:\/\/desdezero.com.co\/mha2025\/wp-json\/wp\/v2\/product_cat?post=2160"},{"taxonomy":"product_tag","embeddable":true,"href":"https:\/\/desdezero.com.co\/mha2025\/wp-json\/wp\/v2\/product_tag?post=2160"}],"curies":[{"name":"wp","href":"https:\/\/api.w.org\/{rel}","templated":true}]}}