{"id":3622,"date":"2023-04-19T13:49:27","date_gmt":"2023-04-19T13:49:27","guid":{"rendered":"https:\/\/desdezero.com.co\/mha2025\/?post_type=product&#038;p=3622"},"modified":"2025-04-09T14:43:33","modified_gmt":"2025-04-09T14:43:33","slug":"cerradura-digital-con-manija-ref-hc-421-plus","status":"publish","type":"product","link":"https:\/\/desdezero.com.co\/mha2025\/product\/cerradura-digital-con-manija-ref-hc-421-plus\/","title":{"rendered":"CERRADURA DIGITAL CON MANIJA Ref. HC 421 PLUS"},"content":{"rendered":"<div class=\"lb-details\">\n<p>CERRADURA DIGITAL CON MANIJA: CAMARA INTEGRADA-Backset a 60 mm, funcionamiento por aplicaci\u00f3n, modos de apertura: bluetooth, huella, clave, tarjeta proximidad, llave de seguridad, almacenamiento 99 huellas, 99 claves; para puertas hasta de 55mm de espesor de madera o metal y izquierdas o derechas; energ\u00eda: 4 bater\u00edas AAA, integraci\u00f3n a conexi\u00f3n WIFI por accesorio incluido. Alarma de apertura; pestillo (picaporte) resbal\u00f3n reversible.<\/p>\n<p><a class=\"btn btn-ficha theme-btn style-one\" href=\"https:\/\/i0.wp.com\/desdezero.com.co\/mha2025\/wp-content\/uploads\/2025\/04\/HC-421-PLUS.png?ssl=1\" target=\"_blank\" rel=\"noopener\">Ver Ficha t\u00e9cnica <img data-recalc-dims=\"1\" decoding=\"async\" class=\"alignnone size-full wp-image-3606\" src=\"https:\/\/i0.wp.com\/mhacolombia.co\/wp-content\/uploads\/2022\/07\/flecha-gris-adelante.png?resize=16%2C16&#038;ssl=1\" alt=\"\" width=\"16\" height=\"16\" \/><\/a><\/p>\n<\/div>\n","protected":false},"excerpt":{"rendered":"<div class=\"lb-details\">\n<p>CERRADURA DIGITAL CON MANIJA: CAMARA INTEGRADA-Backset a 60 mm, funcionamiento por aplicaci\u00f3n, modos de apertura: bluetooth, huella, clave, tarjeta proximidad, llave de seguridad, almacenamiento 99 huellas, 99 claves; para puertas hasta de 55mm de espesor de madera o metal y izquierdas o derechas; energ\u00eda: 4 bater\u00edas AAA, integraci\u00f3n a conexi\u00f3n WIFI por accesorio incluido. Alarma de apertura; pestillo (picaporte) resbal\u00f3n reversible.<\/p>\n<p><a class=\"btn btn-ficha theme-btn style-one\" href=\"https:\/\/desdezero.com.co\/mha2025\/wp-content\/uploads\/2025\/04\/HC-421-PLUS.png\" target=\"_blank\" rel=\"noopener\">Ver Ficha t\u00e9cnica <img decoding=\"async\" class=\"alignnone size-full wp-image-3606\" src=\"https:\/\/mhacolombia.co\/wp-content\/uploads\/2022\/07\/flecha-gris-adelante.png\" alt=\"\" width=\"16\" height=\"16\" \/><\/a><\/p>\n<p>&nbsp;<\/p>\n<\/div>\n","protected":false},"featured_media":15447,"comment_status":"closed","ping_status":"closed","template":"","meta":{"advanced_seo_description":"","jetpack_seo_html_title":"","jetpack_seo_noindex":false},"product_brand":[],"product_cat":[28],"product_tag":[],"class_list":{"0":"post-3622","1":"product","2":"type-product","3":"status-publish","4":"has-post-thumbnail","6":"product_cat-cerraduras-digitales","8":"first","9":"instock","10":"taxable","11":"shipping-taxable","12":"purchasable","13":"product-type-simple"},"jetpack_likes_enabled":true,"jetpack_sharing_enabled":true,"_links":{"self":[{"href":"https:\/\/desdezero.com.co\/mha2025\/wp-json\/wp\/v2\/product\/3622","targetHints":{"allow":["GET"]}}],"collection":[{"href":"https:\/\/desdezero.com.co\/mha2025\/wp-json\/wp\/v2\/product"}],"about":[{"href":"https:\/\/desdezero.com.co\/mha2025\/wp-json\/wp\/v2\/types\/product"}],"replies":[{"embeddable":true,"href":"https:\/\/desdezero.com.co\/mha2025\/wp-json\/wp\/v2\/comments?post=3622"}],"wp:featuredmedia":[{"embeddable":true,"href":"https:\/\/desdezero.com.co\/mha2025\/wp-json\/wp\/v2\/media\/15447"}],"wp:attachment":[{"href":"https:\/\/desdezero.com.co\/mha2025\/wp-json\/wp\/v2\/media?parent=3622"}],"wp:term":[{"taxonomy":"product_brand","embeddable":true,"href":"https:\/\/desdezero.com.co\/mha2025\/wp-json\/wp\/v2\/product_brand?post=3622"},{"taxonomy":"product_cat","embeddable":true,"href":"https:\/\/desdezero.com.co\/mha2025\/wp-json\/wp\/v2\/product_cat?post=3622"},{"taxonomy":"product_tag","embeddable":true,"href":"https:\/\/desdezero.com.co\/mha2025\/wp-json\/wp\/v2\/product_tag?post=3622"}],"curies":[{"name":"wp","href":"https:\/\/api.w.org\/{rel}","templated":true}]}}